{"id":1025,"date":"2016-12-16T14:48:20","date_gmt":"2016-12-16T13:48:20","guid":{"rendered":"https:\/\/www.vivreplushollister.com\/stomie\/?page_id=1025"},"modified":"2023-01-03T18:06:49","modified_gmt":"2023-01-03T17:06:49","slug":"inscription-newsletter","status":"publish","type":"page","link":"https:\/\/www.vivreplushollister.com\/stomie\/inscription-newsletter\/","title":{"rendered":"Inscription \u00e0 la newsletter"},"content":{"rendered":"\n\n\t\t\t\t<img loading=\"lazy\" decoding=\"async\" src=\"https:\/\/demos.wpbeaverbuilder.com\/wp-content\/uploads\/2015\/03\/envelope-icon.png\" alt=\"envelope-icon\" itemprop=\"image\" height=\"300\" width=\"300\" title=\"envelope-icon\" onerror=\"this.style.display='none'\"  \/>\n\t<h1>Abonnez-vous \u00e0 la newsletter<\/h1>\n<p>&nbsp;<\/p>\n<ul>\n<li>Soyez les premiers inform\u00e9s de nos actualit\u00e9s<\/li>\n<li>Vous pouvez vous d\u00e9sinscrire \u00e0 tout moment.<\/li>\n<\/ul>\n\n","protected":false},"excerpt":{"rendered":"<p>Abonnez-vous \u00e0 la newsletter &nbsp; Soyez les premiers inform\u00e9s de nos actualit\u00e9s Vous pouvez vous d\u00e9sinscrire \u00e0 tout moment.<\/p>\n","protected":false},"author":2,"featured_media":0,"parent":0,"menu_order":0,"comment_status":"closed","ping_status":"closed","template":"","meta":{"_acf_changed":false,"_price":"","_stock":"","_tribe_ticket_header":"","_tribe_default_ticket_provider":"","_tribe_ticket_capacity":"0","_ticket_start_date":"","_ticket_end_date":"","_tribe_ticket_show_description":"","_tribe_ticket_show_not_going":false,"_tribe_ticket_use_global_stock":"","_tribe_ticket_global_stock_level":"","_global_stock_mode":"","_global_stock_cap":"","_tribe_rsvp_for_event":"","_tribe_ticket_going_count":"","_tribe_ticket_not_going_count":"","_tribe_tickets_list":"[]","_tribe_ticket_has_attendee_info_fields":false,"footnotes":""},"class_list":["post-1025","page","type-page","status-publish","hentry"],"acf":[],"yoast_head":"<!-- This site is optimized with the Yoast SEO plugin v27.5 - https:\/\/yoast.com\/product\/yoast-seo-wordpress\/ -->\n<title>Inscription \u00e0 la newsletter - Vivre Plus Hollister<\/title>\n<meta name=\"robots\" content=\"index, follow, max-snippet:-1, max-image-preview:large, max-video-preview:-1\" \/>\n<link rel=\"canonical\" href=\"https:\/\/www.vivreplushollister.com\/stomie\/inscription-newsletter\/\" \/>\n<meta property=\"og:locale\" content=\"fr_FR\" \/>\n<meta property=\"og:type\" content=\"article\" \/>\n<meta property=\"og:title\" content=\"Inscription \u00e0 la newsletter - Vivre Plus Hollister\" \/>\n<meta property=\"og:description\" content=\"Abonnez-vous \u00e0 la newsletter &nbsp; Soyez les premiers inform\u00e9s de nos actualit\u00e9s Vous pouvez vous d\u00e9sinscrire \u00e0 tout moment.\" \/>\n<meta property=\"og:url\" content=\"https:\/\/www.vivreplushollister.com\/stomie\/inscription-newsletter\/\" \/>\n<meta property=\"og:site_name\" content=\"Vivre Plus Hollister\" \/>\n<meta property=\"article:modified_time\" content=\"2023-01-03T17:06:49+00:00\" \/>\n<meta property=\"og:image\" content=\"https:\/\/demos.wpbeaverbuilder.com\/wp-content\/uploads\/2015\/03\/envelope-icon.png\" \/>\n<meta name=\"twitter:card\" content=\"summary_large_image\" \/>\n<script type=\"application\/ld+json\" class=\"yoast-schema-graph\">{\"@context\":\"https:\\\/\\\/schema.org\",\"@graph\":[{\"@type\":\"WebPage\",\"@id\":\"https:\\\/\\\/www.vivreplushollister.com\\\/stomie\\\/inscription-newsletter\\\/\",\"url\":\"https:\\\/\\\/www.vivreplushollister.com\\\/stomie\\\/inscription-newsletter\\\/\",\"name\":\"Inscription \u00e0 la newsletter - Vivre Plus Hollister\",\"isPartOf\":{\"@id\":\"https:\\\/\\\/www.vivreplushollister.com\\\/stomie\\\/#website\"},\"primaryImageOfPage\":{\"@id\":\"https:\\\/\\\/www.vivreplushollister.com\\\/stomie\\\/inscription-newsletter\\\/#primaryimage\"},\"image\":{\"@id\":\"https:\\\/\\\/www.vivreplushollister.com\\\/stomie\\\/inscription-newsletter\\\/#primaryimage\"},\"thumbnailUrl\":\"https:\\\/\\\/demos.wpbeaverbuilder.com\\\/wp-content\\\/uploads\\\/2015\\\/03\\\/envelope-icon.png\",\"datePublished\":\"2016-12-16T13:48:20+00:00\",\"dateModified\":\"2023-01-03T17:06:49+00:00\",\"breadcrumb\":{\"@id\":\"https:\\\/\\\/www.vivreplushollister.com\\\/stomie\\\/inscription-newsletter\\\/#breadcrumb\"},\"inLanguage\":\"fr-FR\",\"potentialAction\":[{\"@type\":\"ReadAction\",\"target\":[\"https:\\\/\\\/www.vivreplushollister.com\\\/stomie\\\/inscription-newsletter\\\/\"]}]},{\"@type\":\"ImageObject\",\"inLanguage\":\"fr-FR\",\"@id\":\"https:\\\/\\\/www.vivreplushollister.com\\\/stomie\\\/inscription-newsletter\\\/#primaryimage\",\"url\":\"https:\\\/\\\/demos.wpbeaverbuilder.com\\\/wp-content\\\/uploads\\\/2015\\\/03\\\/envelope-icon.png\",\"contentUrl\":\"https:\\\/\\\/demos.wpbeaverbuilder.com\\\/wp-content\\\/uploads\\\/2015\\\/03\\\/envelope-icon.png\"},{\"@type\":\"BreadcrumbList\",\"@id\":\"https:\\\/\\\/www.vivreplushollister.com\\\/stomie\\\/inscription-newsletter\\\/#breadcrumb\",\"itemListElement\":[{\"@type\":\"ListItem\",\"position\":1,\"name\":\"Accueil\",\"item\":\"https:\\\/\\\/www.vivreplushollister.com\\\/stomie\\\/\"},{\"@type\":\"ListItem\",\"position\":2,\"name\":\"Inscription \u00e0 la newsletter\"}]},{\"@type\":\"WebSite\",\"@id\":\"https:\\\/\\\/www.vivreplushollister.com\\\/stomie\\\/#website\",\"url\":\"https:\\\/\\\/www.vivreplushollister.com\\\/stomie\\\/\",\"name\":\"Vivre Plus Hollister\",\"description\":\"\",\"potentialAction\":[{\"@type\":\"SearchAction\",\"target\":{\"@type\":\"EntryPoint\",\"urlTemplate\":\"https:\\\/\\\/www.vivreplushollister.com\\\/stomie\\\/?s={search_term_string}\"},\"query-input\":{\"@type\":\"PropertyValueSpecification\",\"valueRequired\":true,\"valueName\":\"search_term_string\"}}],\"inLanguage\":\"fr-FR\"}]}<\/script>\n<!-- \/ Yoast SEO plugin. -->","yoast_head_json":{"title":"Inscription \u00e0 la newsletter - Vivre Plus Hollister","robots":{"index":"index","follow":"follow","max-snippet":"max-snippet:-1","max-image-preview":"max-image-preview:large","max-video-preview":"max-video-preview:-1"},"canonical":"https:\/\/www.vivreplushollister.com\/stomie\/inscription-newsletter\/","og_locale":"fr_FR","og_type":"article","og_title":"Inscription \u00e0 la newsletter - Vivre Plus Hollister","og_description":"Abonnez-vous \u00e0 la newsletter &nbsp; Soyez les premiers inform\u00e9s de nos actualit\u00e9s Vous pouvez vous d\u00e9sinscrire \u00e0 tout moment.","og_url":"https:\/\/www.vivreplushollister.com\/stomie\/inscription-newsletter\/","og_site_name":"Vivre Plus Hollister","article_modified_time":"2023-01-03T17:06:49+00:00","og_image":[{"url":"https:\/\/demos.wpbeaverbuilder.com\/wp-content\/uploads\/2015\/03\/envelope-icon.png","type":"","width":"","height":""}],"twitter_card":"summary_large_image","schema":{"@context":"https:\/\/schema.org","@graph":[{"@type":"WebPage","@id":"https:\/\/www.vivreplushollister.com\/stomie\/inscription-newsletter\/","url":"https:\/\/www.vivreplushollister.com\/stomie\/inscription-newsletter\/","name":"Inscription \u00e0 la newsletter - Vivre Plus Hollister","isPartOf":{"@id":"https:\/\/www.vivreplushollister.com\/stomie\/#website"},"primaryImageOfPage":{"@id":"https:\/\/www.vivreplushollister.com\/stomie\/inscription-newsletter\/#primaryimage"},"image":{"@id":"https:\/\/www.vivreplushollister.com\/stomie\/inscription-newsletter\/#primaryimage"},"thumbnailUrl":"https:\/\/demos.wpbeaverbuilder.com\/wp-content\/uploads\/2015\/03\/envelope-icon.png","datePublished":"2016-12-16T13:48:20+00:00","dateModified":"2023-01-03T17:06:49+00:00","breadcrumb":{"@id":"https:\/\/www.vivreplushollister.com\/stomie\/inscription-newsletter\/#breadcrumb"},"inLanguage":"fr-FR","potentialAction":[{"@type":"ReadAction","target":["https:\/\/www.vivreplushollister.com\/stomie\/inscription-newsletter\/"]}]},{"@type":"ImageObject","inLanguage":"fr-FR","@id":"https:\/\/www.vivreplushollister.com\/stomie\/inscription-newsletter\/#primaryimage","url":"https:\/\/demos.wpbeaverbuilder.com\/wp-content\/uploads\/2015\/03\/envelope-icon.png","contentUrl":"https:\/\/demos.wpbeaverbuilder.com\/wp-content\/uploads\/2015\/03\/envelope-icon.png"},{"@type":"BreadcrumbList","@id":"https:\/\/www.vivreplushollister.com\/stomie\/inscription-newsletter\/#breadcrumb","itemListElement":[{"@type":"ListItem","position":1,"name":"Accueil","item":"https:\/\/www.vivreplushollister.com\/stomie\/"},{"@type":"ListItem","position":2,"name":"Inscription \u00e0 la newsletter"}]},{"@type":"WebSite","@id":"https:\/\/www.vivreplushollister.com\/stomie\/#website","url":"https:\/\/www.vivreplushollister.com\/stomie\/","name":"Vivre Plus Hollister","description":"","potentialAction":[{"@type":"SearchAction","target":{"@type":"EntryPoint","urlTemplate":"https:\/\/www.vivreplushollister.com\/stomie\/?s={search_term_string}"},"query-input":{"@type":"PropertyValueSpecification","valueRequired":true,"valueName":"search_term_string"}}],"inLanguage":"fr-FR"}]}},"_links":{"self":[{"href":"https:\/\/www.vivreplushollister.com\/stomie\/wp-json\/wp\/v2\/pages\/1025","targetHints":{"allow":["GET"]}}],"collection":[{"href":"https:\/\/www.vivreplushollister.com\/stomie\/wp-json\/wp\/v2\/pages"}],"about":[{"href":"https:\/\/www.vivreplushollister.com\/stomie\/wp-json\/wp\/v2\/types\/page"}],"author":[{"embeddable":true,"href":"https:\/\/www.vivreplushollister.com\/stomie\/wp-json\/wp\/v2\/users\/2"}],"replies":[{"embeddable":true,"href":"https:\/\/www.vivreplushollister.com\/stomie\/wp-json\/wp\/v2\/comments?post=1025"}],"version-history":[{"count":1,"href":"https:\/\/www.vivreplushollister.com\/stomie\/wp-json\/wp\/v2\/pages\/1025\/revisions"}],"predecessor-version":[{"id":15532,"href":"https:\/\/www.vivreplushollister.com\/stomie\/wp-json\/wp\/v2\/pages\/1025\/revisions\/15532"}],"wp:attachment":[{"href":"https:\/\/www.vivreplushollister.com\/stomie\/wp-json\/wp\/v2\/media?parent=1025"}],"curies":[{"name":"wp","href":"https:\/\/api.w.org\/{rel}","templated":true}]}}